ive z(-5).
-1
Let u(q) = 7*q**2 - 37*q + 3. Let a(z) = z**2 - 7*z. Let i(x) = -6*a(x) + u(x). Suppose 5*j = 4*j - 3*h - 1, -4*h = -3*j - 16. Calculate i(j).
-1
Let w(x) = 10*x - 3. Let r be (-22)/6*1 - (-3)/(-9). What is w(r)?
-43
Let j(g) = -22*g**3 + 56*g**2 - 65*g + 55. Let z(i) = -5*i**3 + 14*i**2 - 16*i + 14. Let m(d) = 2*j(d) - 9*z(d). What is m(13)?
-3
Suppose 4*w = 0, n - 4 = 4*w + w. Let c = n + -3. Let q(x) = 12*x - 4*x - 6*x + c - 3*x. Give q(2).
-1
Let y(k) be the third derivative of k**4/12 + 7*k**3/6 + 12*k**2. Let q be (-2 + 4 + -8)*1. Give y(q).
-5
Suppose -5*l + 14 = -3*l - 4*n, l = n + 5. Let v(x) be the first derivative of -x - 1/2*x**2 - 1 + 13/3*x**l. Determine v(-1).
13
Let j(z) = -z - 2. Let p(l) = 5*l**2 + 16*l + 8. Let d(f) = 4*f**2 + 16*f + 8. Let u(c) = 6*d(c) - 5*p(c). Let a be u(14). Let q = -42 + a. Give j(q).
4
Let p(g) = -g**2 - 7*g - 2. Let v be p(-5). Let t(n) = -n**3 + 16*n**2 - 13*n - 5. Let r be t(15). Suppose v*j - r = 3*j. Let u(h) = -h**2 + 4*h + 3. Give u(j).
-2
Let w = -4440 + 4440. Let x(q) = q - 5. Let f(g) = -g + 4. Let z(d) = 4*f(d) + 3*x(d). Give z(w).
1
Let a(n) = -7*n**2 - 6*n - 7. Let c(o) = 6*o**2 + 6*o + 7. Let j(b) = -5*a(b) - 6*c(b). Determine j(-6).
-7
Let f(r) = -2*r**2 - 6*r - 5. Let l be (-1 + 3)/((-13)/(-403)). Let i = l + -66. Calculate f(i).
-13
Let k be 20*(3 + 34/(-10)). Let f be (-6)/((-1)/((-12)/k)). Let u(g) = -g**2 + 0*g**2 - 21*g + f*g**3 + 21*g + 1. What is u(-1)?
-9
Let y(s) = -s**3 + 2*s**2 + 4*s - 4. Suppose 0 = 2*v - l - 5, 0*v + l + 5 = v. Suppose -3*b + 9 = -v*b. What is y(b)?
-1
Let g(t) = 5*t. Let l = -22 + 22. Suppose 4*y + 16 = 0, -k + 0*y + 2*y = -12. Suppose -4*w = -l*w + k. Give g(w).
-5
Let d(i) = 2*i - 19. Let p be d(11). Let r(w) = p*w - w + w**2 - w + w. Calculate r(-2).
0
Let d(f) = -f**3 + 9*f**2 - 10*f + 10. Let p be 2/(-6) - (-1519)/21. Suppose 7*w + 2*w - p = 0. Calculate d(w).
-6
Let l(c) = -c - 9. Suppose 10 = -2*d - 4. What is l(d)?
-2
Let q(b) = b**2 - 7*b - 11. Let a be q(9). Let h(g) = 0*g - 1 + a - 6*g**2 + g**2 - g + g**3. What is h(5)?
1
Let m(u) = -5026*u + 5026*u + 25*u**2. Determine m(-1).
25
Suppose -s + 5*s = -56. Let x = 16 + s. Let q(u) = -u**3 - 5*u + 5*u + 7*u**2 - x*u + 22 - 13. Give q(7).
-5
Suppose 0 + 4 = -g. Let u(c) = 2*c + 2. Let w be u(g). Let o(m) = m**3 + 5*m**2 - 7*m - 8. Let v be o(w). Let n(k) = -3*k + 2. Calculate n(v).
8
Let t(u) = 38*u - 30*u - 42 - 7. Let z be t(5). Let c(k) = -k - 4. Give c(z).
5
Let c be 4/10 + (-14)/35. Suppose -4*p + 3*p + 5 = c. Let w(q) = -q + 4. Calculate w(p).
-1
Suppose -3*b = -0*b - 39. Suppose 0 = 8*n - b*n + 5. Let x(q) = 0*q + n + 6 - 1 - 2*q. Calculate x(5).
-4
Let x(p) = -4*p + 1. Let l(c) = 20*c - 7. Let b(k) = -60*k + 20. Let y(s) = -3*b(s) - 8*l(s). Let m(q) = -24*x(q) - 5*y(q). Give m(-5).
16
Let j(f) = -10 + 7*f**2 + 4 - f**3 - 43*f + 77*f - 40*f - f**2. Give j(5).
-11
Suppose -3*x - 9 = 0, 18 = -3*r + 2*r - 2*x. Let o(q) = -q**2 - 11*q + 7. Give o(r).
-5
Let z(b) be the second derivative of b**4/4 + b**3/6 + 7*b. Suppose t + 4*t + 5 = 0. Give z(t).
2
Let c(x) = -6 - 6*x**2 + 9*x + 0*x**2 + 4*x**2. Calculate c(6).
-24
Suppose -2*z = -7*z + 20. Suppose 7*a - 2*a - 10 = 0. Let f(y) = -3*y + a*y + z - y. Give f(5).
-6
Let y(h) = -102 - 3*h**3 + 100 + 2*h**3. Suppose 23*x = -15 - 31. What is y(x)?
6
Let z be 1 + 5 - (4 + 6). Let n(g) = 4 + 0*g - g**2 - 3*g + 0*g. What is n(z)?
0
Let i(n) = 48*n + 48*n - 158*n - n**2 - 12 + 52*n. Determine i(-9).
-3
Let g = 328 - 333. Let k(p) = -p**3 - 6*p**2 - 6*p - 2. Determine k(g).
3
Let h(p) be the first derivative of -7*p**4/12 - p**3/2 - p**2 - 16*p + 15. Let c(z) be the first derivative of h(z). What is c(-2)?
-24
Suppose 4*r = -4 + 16. Let g(f) = 4*f + 1. Let l(q) = 4*q + 1. Let i(b) = r*g(b) - 2*l(b). Let p(s) = s - 1. Let y(j) = -i(j) + p(j). Give y(6).
-20
Let n(i) = -i**2 - 7*i - 17. Let u(h) = h**2 + 7*h + 16. Let q(f) = -6*n(f) - 7*u(f). Determine q(-6).
-4
Suppose 22 + 11 = -11*t. Let d(y) be the third derivative of -y**6/120 - y**5/10 - y**4/8 + y**3/6 - y**2. Calculate d(t).
-17
Let p(n) be the second derivative of -2*n**3/3 - 2*n**2 - 262*n. Give p(-1).
0
Let z(u) = -u**3 - 4*u**2 - 2*u + 2. Let i be 4/(-10)*((-50)/(-5))/2. What is z(i)?
-2
Suppose 0 = -3*q + 6*q - 18. Let g(b) = -9*b - 12. Let z(d) = 5*d + 6. Let h(f) = -6*g(f) - 11*z(f). Give h(q).
0
Let p(a) = a**3 + 7*a**2 - 17*a + 5. Let j(x) = -2*x**3 - 10*x**2 + 10*x - 21. Let r be j(-6). Calculate p(r).
-4
Let b(f) = 3*f**3 + 2*f**2 - 2*f + 5. Let m(r) = -4*r**3 - 3*r**2 + 3*r - 6. Let z(j) = -5*b(j) - 4*m(j). Let h = -21 + 23. Determine z(h).
11
Let q(b) be the second derivative of -b**3/6 + 7*b**2 - 81*b + 1. Give q(20).
-6
Let i = -279 + 285. Let t(k) = k**3 - 6*k**2 - 2*k + 3. What is t(i)?
-9
Suppose 9*r + 70 - 43 = 0. Let y(h) be the first derivative of 3*h**2 - h + 2. Give y(r).
-19
Let v be 36/30 + (-2)/10. Let g be ((-1)/3)/((-8)/72). Let j(p) = -1 + 2*p - 5*p**2 + 3*p**2 + 4*p**2 - g*p**2. Give j(v).
0
Let w = 10 + -6. Suppose 2*p + w*p - 24 = 0. Let a(i) = 3*i - 4. What is a(p)?
8
Let b(z) = -3*z**3 - 3*z**2 - 10*z - 11. Suppose -38 = -11*y + 17. Let h(m) = -4*m**3 - 3*m**2 - 11*m - 12. Let p(i) = y*b(i) - 4*h(i). Calculate p(5).
13
Let s(r) = r**2 - r + 3. Let m(v) be the third derivative of v**5/60 + v**3/6 - 13*v**2. Let a(d) = -2*m(d) + s(d). What is a(-2)?
-1
Let a(z) = 3*z - 12. Suppose 0*f - 2 = -2*x - 3*f, -10 = -3*x - f. Calculate a(x).
0
Let b(h) be the second derivative of -1/3*h**3 + 1/12*h**4 + 1/2*h**2 + 9/20*h**5 + 0 + 5*h. Let i(u) = 2*u**2 - 1. Let r be i(1). What is b(r)?
9
Let n(j) be the first derivative of -j**3/3 - 4*j**2 - 5*j - 17. Give n(-6).
7
Let n(w) = 3*w - 1. Let k be 0 + (-259)/(-35) + 3/5. Suppose 0 = -4*m + k, 2*m = -4*f - 2*m + 28. Determine n(f).
14
Suppose -r - 18 = 3*r + 5*v, -v = -5*r - 8. Let p(a) = a**2 - 4*a - 3. Determine p(r).
9
Let x(v) = 3*v - 4. Let p be 18/2*19/57. Give x(p).
5
Let d(a) = a**2 + 4*a - 5. Let k = 37 - 14. Let t = 19 - k. Give d(t).
-5
Suppose 4*g + 0*g = -4*h + 4, 0 = -4*g + 5*h - 5. Let r(c) = 3*c + 2*c + g*c. Suppose -5*d + 3*v + 0 = 2, -4*d - 3 = -v. Give r(d).
-5
Suppose 2*c - 9 = -3*q, 0 = 4*q - 0*c - 5*c - 12. Let n(g) = 41 - g**2 + 0*g**2 - 45 + g**q - g. Let o = 4 + -1. Calculate n(o).
11
Let k(x) = 4*x + 3. Let i(z) = 9*z + 7. Let b(t) = 2*i(t) - 5*k(t). Let r be b(-4). Let s(g) = -r*g + 2*g + g. What is s(-1)?
4
Let p(q) be the third derivative of 11*q**2 + 0 - 1/2*q**3 + 0*q + 1/24*q**4. Calculate p(-4).
-7
Let v(m) = -3*m + 3*m - 4 - 3*m. Let b be (-3 - (5/2)/(-1))*(-114 - -124). Give v(b).
11
Suppose 2*l = 16 - 12. Let p(r) = 2 - r**3 + l*r + 6*r**2 - 3*r + 0*r**3 + 0*r**3. Determine p(6).
-4
Let q(x) be the third derivative of -x**4/24 + x**3/3 + 19*x**2. Suppose -4 = -r + 3*a, 5*r = 6*r + 4*a - 11. Give q(r).
-5
Let a be (-55)/44 - 3/4. Let j(b) = 2*b - 1. What is j(a)?
-5
Let m(o) be the second derivative of -5/6*o**3 - 3*o**2 - 13*o - 5/12*o**4 + 1/20*o**5 + 0. Give m(6).
0
Let y(w) = -12*w**2 - 7*w + 9*w + w**3 - 11 + 7*w**2. Let b be y(5). Let j(h) = h - 1. What is j(b)?
-2
Let u = 0 + -2. Let t be 966/(-252) - 1/6. Let v be ((-24)/u)/t + 1. Let p(i) = -i**2 + 2. What is p(v)?
-2
Let n(x) = x**2 + 5*x - 24. Let t = 25 + -34. What is n(t)?
12
Suppose 10*k - 78 = -18. Let v(u) = -4*u + 6. Calculate v(k).
-18
Let n = -419 - -420. Let m(l) = 0 + 0 + l - 1. Give m(n).
0
Suppose 3*m + 113 = 2*m. Let k = m - -111. Let o(x) = -3*x - 3. Determine o(k).
3
Let a be (1 + -16 - -3)*6/(-12). Suppose a = -8*g - 26. Let p(m) = 2*m + 3. Determine p(g).
-5
Let m(r) = -11*r + 11. Let j(n) = -5*n + 5. Let f(t) = -9*j(t) + 4*m(t). Suppose -17*w = -5*w - 72. Suppose -12 = w*y - 48. Give f(y).
5
Let a(l) = -l**2 + 14*l - 26. Let b be a(3). Let p(x) = -x**2 + 9*x - 7 + 1 - 4. Determine p(b).
4
Let g(m) be the first derivative of -m**2/2 - 5*m + 63. What is g(-11)?
6
Let m(c) = -6*c - 66. Let q be m(-12). Let j(y) = 6*y + 5*y - q*y - 3*y - 7. Determine j(-8).
-23
Let q(k) = -k**3 - 3*k**2 + 4*k + 1. Suppose -2*v + 0*n - n - 49 = 0, v + 8 = 5*n. Let w = v - -23. Suppose -2*p + 5*f = 28, w = 5*f + 13 - 33. Give q(p).
1
Suppose 87 + 403 = 5*s. Let x(k) = 51 + 48 - 2*k - s + 2*k**2. Calculate x(-2).
13
Let n(y